ens digit of h?
5
Let r be (4*-1 - 104/(-4))/2. Suppose -16*d = 3*i - r*d - 1004, -5*d = -i + 308. What is the units digit of i?
8
Suppose -37*f = -35*f - n - 87278, 0 = 3*f - 4*n - 130922. What is the tens digit of f?
3
Let r(x) = -749*x + 199. Let f be r(-7). Suppose 10*s + 362 = f. What is the tens digit of s?
0
Let g = 109265 + -57277. What is the units digit of g?
8
What is the thousands digit of (-39)/208*-94916 - 1/(-4)?
7
Suppose 4*t + 8 = 3*i - 1, -3*t = -i + 3. Suppose t*b = 9*b - 2754. What is the units digit of b?
6
Let l(f) = 174*f - 306. Let m be 128/(-160) + -54*(-3)/15. What is the tens digit of l(m)?
3
Suppose 5*q - 2374 + 644 = 2*d, 2*q - 1736 = 2*d. Let a be (d/(-35))/(-2*(-3)/(-168)). What is the tens digit of 2/(-4 - a/172)?
4
Suppose 9*x + 2123 = -2071. Let l = -277 - x. What is the units digit of (-2)/2*(-1*l + -5)?
4
Let p = 115 - 113. Suppose -d = -4 - p. What is the tens digit of 27*d - (13 - 18)?
6
Suppose 4*g - 269745 = -3*p, 4*g - 16*p + 12*p = 269752. What is the units digit of g?
7
Let h(r) = -2719*r + 1322. What is the ten thousands digit of h(-7)?
2
Suppose 0 = 130*s - 1769352 - 1543958. What is the hundreds digit of s?
4
Let d(v) = -v**3 + 7*v**2 - 8*v + 12. Let m be d(7). Suppose 424 + 157 = 7*k. Let p = k + m. What is the tens digit of p?
3
Suppose 2600*n = 2615*n - 376890. What is the thousands digit of n?
5
Let f = -1673 + 5292. What is the hundreds digit of f?
6
Let i(c) = 9*c**2 - 119*c - 54. What is the thousands digit of i(-14)?
3
Suppose 6*g - 4*g - 6 = 0. Suppose -4*o - g*a + 17 = 0, 4*o - 5*o + 3*a + 8 = 0. What is the tens digit of -2 - ((10 - o) + -63)?
5
Suppose -12*z + 8353 = -62699. What is the thousands digit of z?
5
Let j(w) = -w**3 - 8*w**2 + 28*w - 2. Let o be j(-18). Suppose o + 2222 = 14*s. What is the units digit of s?
4
Suppose 25*v = 23*v + 214. Let g = v + -71. What is the units digit of g?
6
Suppose -2*n + 5*l + 11 = 0, 2*n - 5*n - l + 8 = 0. Let h(c) = 2*c**3 + 3*c**2 - 3*c + 0 + c**2 + 0*c**3 + 5. What is the units digit of h(n)?
6
Suppose 22*m + 10 = 23*m. Suppose 0 = m*b - 12*b + 2136. What is the hundreds digit of b?
0
Suppose 8*s + 643 = -221. What is the hundreds digit of (-2 - 5)/(3/s)?
2
Suppose 4*m - d + 31 = -172, -25 = 5*d. Let x = m - -49. What is the tens digit of x + ((-6335)/(-49) - 4/14)?
2
Let t be 42 + -5 + 1 + 3. Let y(o) = -75 + 75 + t*o. What is the tens digit of y(2)?
8
Suppose -11*u + 132921 + 109675 = -326115. What is the hundreds digit of u?
7
Suppose 0 = 15*v - 19*v + 12. Let r be -2 + v - (0 + -2). Suppose -t = 4*b - 408, -4*t + 293 = r*b - 0*t. What is the tens digit of b?
0
Let k(v) = -2*v**3 - 2*v**2 + 2*v. Let s be k(-2). Suppose s = -z + 3. What is the tens digit of 1 + 76/(-4)*z?
2
Suppose -2*b + 0*b + 13268 = -b. What is the units digit of b?
8
What is the units digit of (87384/(-30))/(2/(-5))?
2
Let h(b) = 14*b - 8 - b**3 - 42*b + 17*b - 7*b**2. What is the units digit of h(-7)?
9
Suppose 38*m + 28030 = 40*m + 4*c, 0 = 3*m + 3*c - 42057. What is the ten thousands digit of m?
1
Suppose -37*r - 114 = -40*r. Let x = 40 - r. What is the tens digit of 1/x*(-1 - -159)?
7
Let z be (-18)/8*336/126. What is the hundreds digit of (z + 88/8)*(-1 - -123)?
6
Suppose 17*j + 2 = 18*j. Let p(a) = 33*a**3 + 5*a**2 - 2*a - 3. What is the tens digit of p(j)?
7
Suppose 35*o + 168 = 39*o. Suppose 48*d - 2472 = o*d. What is the tens digit of d?
1
Let l = -363 + 363. Suppose -2*z + 3*k + 2832 + 125 = 0, l = -3*k + 9. What is the thousands digit of z?
1
Suppose 2*b - 18899 = 8065. Suppose 11*g = 2*g + b. What is the tens digit of g?
9
Let j(o) = -o**3 - 30*o**2 - 44*o + 62. What is the units digit of j(-35)?
7
Let m(l) = -488*l + 8. Let p be m(-3). Suppose 5*u - 7361 = -14*s + 18*s, -p = -u + s. What is the hundreds digit of u?
4
Let h be 66/16 + 19/(-152). Suppose 0 = 3*t, d + 105 = -h*d - 5*t. Let r = d + 110. What is the units digit of r?
9
Let a(v) = -39*v**2 - 55*v - 205. Let u be a(-4). What is the hundreds digit of -46*(8/(-6))/((-58)/u)?
6
Suppose 173547 - 7659 - 8128 = 10*m. What is the thousands digit of m?
5
Suppose -2*p = 8 + 20. Let i(k) = 2*k**2 + 13*k - 15. What is the tens digit of i(p)?
9
Let c(i) = 57*i + 45*i - 133*i - 138. What is the units digit of c(-14)?
6
Let u = -60783 + 89287. What is the hundreds digit of (u/(-98))/(2/(-7))?
0
What is the tens digit of 44/(-132) + -1996*524/(-24)?
7
Suppose 62*d = 21*d + 2283454. What is the thousands digit of d?
5
Suppose 3*b = -106*s + 104*s + 25180, -3*b + 25178 = 4*s. What is the units digit of b?
4
What is the tens digit of (2/(-6))/((-52)/862056)?
2
Let v(a) = -10*a**2 + 7*a - 38. Let g(w) = 12*w**2 - 8*w + 38. Let h(u) = 4*g(u) + 3*v(u). What is the hundreds digit of h(6)?
6
Let p = -5003 - -7106. Let n = p - 1348. What is the tens digit of n?
5
Suppose -21*g + 108632 = 40*g - 1027249. What is the ten thousands digit of g?
1
Let d(x) = x + 14. Let g = 123 - 81. Suppose g = -q + 7*q. What is the tens digit of d(q)?
2
Let b(d) = d**2 + 12*d - 16. Let v be b(-14). Suppose 507 + 291 = 3*i. Suppose -i = -14*m + v*m. What is the units digit of m?
3
Let m(n) = -n**3 - 2*n - 1. Let r(q) = 7*q**3 + 17*q**2 - 26*q - 27. Let a(k) = -6*m(k) - r(k). What is the units digit of a(-19)?
3
Suppose 0 = -2*v + 2*w + 304, -v - w = 12 - 160. Suppose 10920 = -v*d + 163*d. What is the hundreds digit of d?
8
Let y = -126 - -271. Let b = 207 - 202. Suppose -2*j = b*z + y - 1203, 5*z + j = 1059. What is the units digit of z?
2
Suppose 66*l = 6940 + 59623 + 53491. What is the tens digit of l?
1
Let w(b) = 218*b + 186. What is the hundreds digit of w(30)?
7
Suppose -3*s = 3*s - 66. Suppose -2*v - u + s = 0, 0 = -4*v - 4*u + 42 - 10. Suppose -v*o = -6*o + 204. What is the tens digit of o?
6
Let b(x) = 203*x**2 + 8*x + 53. What is the units digit of b(4)?
3
Let a = -26 + 22. Let n be ((-28)/(-42))/(a/54). What is the tens digit of (1182/(-9))/((6/n)/1)?
9
Let f(n) = -5*n**3 - 60*n**2 - 53*n + 1. What is the units digit of f(-17)?
7
Let y(h) = -h - 5. Let x be y(-6). What is the units digit of (-2 - -431) + 5/x?
4
What is the thousands digit of (-83827320)/(-1169) + (-3)/(-7)?
1
Let b(i) = -i**3 - 5*i**2 + 3*i - 6. Let j be b(-6). Suppose -7*p + j = -3*p. Suppose p*l + 94 - 751 = 0. What is the tens digit of l?
1
Let h(j) = -47*j - 139. Let z be h(-4). Suppose 0 = z*t - 40*t - 11034. What is the tens digit of t?
2
Let h = -75 + 84. Suppose h*z - 12 - 15 = 0. What is the tens digit of (86 + -3)*(z + -5 + 3)?
8
Let h = 464 - 453. What is the units digit of (-4)/(-22) + 65/h*35?
7
Let v = 27817 - -449. What is the tens digit of v?
6
Let p be (-68)/(-85) + 9/(-5). Let m be (-11 + 1 - -5)*p. Suppose 3*j - m*z - 590 = -2*j, -3*z + 630 = 5*j. What is the hundreds digit of j?
1
Let u(g) = -g**3 + 19*g**2 - 12*g - 29. Let a(q) = -25*q - 4. Let l be a(-2). Let z = 64 - l. What is the units digit of u(z)?
9
Let d be (-2)/4*-2*1. Let v(g) = 472*g**2 - 1 + 227*g**3 + 3*g - 253*g**2 - 222*g**2. What is the tens digit of v(d)?
2
What is the units digit of 144/64*5792/6?
2
Let m = -3679 - -22176. What is the hundreds digit of m?
4
Suppose 33*b = 27*b + 23106. What is the units digit of b?
1
Suppose 23*p + 56 - 10 = 0. What is the units digit of p - (2/(-5) + (-6492)/20)?
3
Let y = 10825 + -3378. What is the units digit of y?
7
Let l(v) = -v + 9. Let o be l(-7). Let j = -14 + o. What is the units digit of (-1)/2*3 + 7/j?
2
Suppose -2*a - 10 = -3*a. Let l(i) be the third derivative of -i**6/120 + 3*i**5/20 + 11*i**4/24 + 5*i**3/3 - 46*i**2 - 2*i. What is the tens digit of l(a)?
2
Let f = -12 + 121. Suppose 295*o - 300*o = 2*u - 50, 0 = 2*u - 3*o - 34. Let p = f + u. What is the hundreds digit of p?
1
Let o = 12641 - 9057. What is the units digit of o?
4
Let i(s) = -s**2 + 7*s - 10. Let n be i(4). Suppose -t + 5*j + 4 = 14, 0 = -4*t - j + n. Suppose 3*k + 12 = t, -a + 235 + 4 = k. What is the units digit of a?
3
Suppose x - 5*r - 6 = 0, 2*x = 10*r - 15*r - 3. What is the tens digit of (-7 - x)*((-669)/4 + 2)?
2
What is the ten thousands digit of 20 + -23 + 26 + 66188?
6
Suppose 26*m - 25*m + 2*d - 36195 = 0, -3*m = 4*d - 108599. What is the ten thousands digit of m?
3
Let v = 306 + -303. Suppose f + g - 306 = 0, -f + 37 = v*g - 267. What is the tens